[INFO] cloning repository https://github.com/Kordishal/intergalactic-empire
[INFO] running `Command { std: "git" "-c" "credential.helper=" "-c" "credential.helper=/workspace/cargo-home/bin/git-credential-null" "clone" "--bare" "https://github.com/Kordishal/intergalactic-empire" "/workspace/cache/git-repos/https%3A%2F%2Fgithub.com%2FKordishal%2Fintergalactic-empire", kill_on_drop: false }`
[INFO] [stderr] Cloning into bare repository '/workspace/cache/git-repos/https%3A%2F%2Fgithub.com%2FKordishal%2Fintergalactic-empire'...
[INFO] running `Command { std: "git" "rev-parse" "HEAD", kill_on_drop: false }`
[INFO] [stdout] 04b0e6673f061ad7c2604a67005c784681412937
[INFO] checking Kordishal/intergalactic-empire against try#72f88fc4e9458f89516a0b8b0868f3718aec5b47 for pr-74989
[INFO] running `Command { std: "git" "clone" "/workspace/cache/git-repos/https%3A%2F%2Fgithub.com%2FKordishal%2Fintergalactic-empire" "/workspace/builds/worker-6/source", kill_on_drop: false }`
[INFO] [stderr] Cloning into '/workspace/builds/worker-6/source'...
[INFO] [stderr] done.
[INFO] validating manifest of git repo https://github.com/Kordishal/intergalactic-empire on toolchain 72f88fc4e9458f89516a0b8b0868f3718aec5b47
[INFO] running `Command { std: "/workspace/cargo-home/bin/cargo" "+72f88fc4e9458f89516a0b8b0868f3718aec5b47" "read-manifest" "--manifest-path" "Cargo.toml", kill_on_drop: false }`
[INFO] started tweaking git repo https://github.com/Kordishal/intergalactic-empire
[INFO] finished tweaking git repo https://github.com/Kordishal/intergalactic-empire
[INFO] tweaked toml for git repo https://github.com/Kordishal/intergalactic-empire written to /workspace/builds/worker-6/source/Cargo.toml
[INFO] crate git repo https://github.com/Kordishal/intergalactic-empire already has a lockfile, it will not be regenerated
[INFO] running `Command { std: "/workspace/cargo-home/bin/cargo" "+72f88fc4e9458f89516a0b8b0868f3718aec5b47" "fetch" "--locked" "--manifest-path" "Cargo.toml", kill_on_drop: false }`
[INFO] running `Command { std: "docker" "create" "-v" "/var/lib/crater-agent-workspace/builds/worker-6/target:/opt/rustwide/target:rw,Z" "-v" "/var/lib/crater-agent-workspace/builds/worker-6/source:/opt/rustwide/workdir:ro,Z" "-v" "/var/lib/crater-agent-workspace/cargo-home:/opt/rustwide/cargo-home:ro,Z" "-v" "/var/lib/crater-agent-workspace/rustup-home:/opt/rustwide/rustup-home:ro,Z" "-e" "SOURCE_DIR=/opt/rustwide/workdir" "-e" "CARGO_TARGET_DIR=/opt/rustwide/target" "-e" "CARGO_HOME=/opt/rustwide/cargo-home" "-e" "RUSTUP_HOME=/opt/rustwide/rustup-home" "-w" "/opt/rustwide/workdir" "-m" "1610612736" "--user" "0:0" "--network" "none" "rustops/crates-build-env@sha256:d92eaeed33fa75130ca1ee6c8a01d1ffb62bac859dfdfb3450e3e5d1c0146529" "/opt/rustwide/cargo-home/bin/cargo" "+72f88fc4e9458f89516a0b8b0868f3718aec5b47" "metadata" "--no-deps" "--format-version=1", kill_on_drop: false }`
[INFO] [stderr] WARNING: Your kernel does not support swap limit capabilities or the cgroup is not mounted. Memory limited without swap.
[INFO] [stdout] 09e1b9449128b46396a36fd8004cd91c456c99da70ed5b77b736c55662ea5cb3
[INFO] running `Command { std: "docker" "start" "-a" "09e1b9449128b46396a36fd8004cd91c456c99da70ed5b77b736c55662ea5cb3", kill_on_drop: false }`
[INFO] running `Command { std: "docker" "inspect" "09e1b9449128b46396a36fd8004cd91c456c99da70ed5b77b736c55662ea5cb3", kill_on_drop: false }`
[INFO] running `Command { std: "docker" "rm" "-f" "09e1b9449128b46396a36fd8004cd91c456c99da70ed5b77b736c55662ea5cb3", kill_on_drop: false }`
[INFO] [stdout] 09e1b9449128b46396a36fd8004cd91c456c99da70ed5b77b736c55662ea5cb3
[INFO] running `Command { std: "docker" "create" "-v" "/var/lib/crater-agent-workspace/builds/worker-6/target:/opt/rustwide/target:rw,Z" "-v" "/var/lib/crater-agent-workspace/builds/worker-6/source:/opt/rustwide/workdir:ro,Z" "-v" "/var/lib/crater-agent-workspace/cargo-home:/opt/rustwide/cargo-home:ro,Z" "-v" "/var/lib/crater-agent-workspace/rustup-home:/opt/rustwide/rustup-home:ro,Z" "-e" "SOURCE_DIR=/opt/rustwide/workdir" "-e" "CARGO_TARGET_DIR=/opt/rustwide/target" "-e" "CARGO_INCREMENTAL=0" "-e" "RUST_BACKTRACE=full" "-e" "RUSTFLAGS=--cap-lints=forbid" "-e" "CARGO_HOME=/opt/rustwide/cargo-home" "-e" "RUSTUP_HOME=/opt/rustwide/rustup-home" "-w" "/opt/rustwide/workdir" "-m" "1610612736" "--user" "0:0" "--network" "none" "rustops/crates-build-env@sha256:d92eaeed33fa75130ca1ee6c8a01d1ffb62bac859dfdfb3450e3e5d1c0146529" "/opt/rustwide/cargo-home/bin/cargo" "+72f88fc4e9458f89516a0b8b0868f3718aec5b47" "check" "--frozen" "--all" "--all-targets" "--message-format=json", kill_on_drop: false }`
[INFO] [stdout] 9921a653f7ec79259b9941d44913200155f58117f7332e79cef1359d04110df4
[INFO] [stderr] WARNING: Your kernel does not support swap limit capabilities or the cgroup is not mounted. Memory limited without swap.
[INFO] running `Command { std: "docker" "start" "-a" "9921a653f7ec79259b9941d44913200155f58117f7332e79cef1359d04110df4", kill_on_drop: false }`
[INFO] [stderr]    Compiling serde v1.0.79
[INFO] [stderr]     Checking sha1 v0.6.0
[INFO] [stderr]     Checking log v0.4.5
[INFO] [stderr]     Checking uuid v0.7.1
[INFO] [stderr]     Checking intergalactic-empire v0.1.0 (/opt/rustwide/workdir)
[INFO] [stdout] warning: unused import: `std::thread`
[INFO] [stdout]  --> src/universe/celestial_object/mod.rs:1:5
[INFO] [stdout]   |
[INFO] [stdout] 1 | use std::thread;
[INFO] [stdout]   |     ^^^^^^^^^^^
[INFO] [stdout]   |
[INFO] [stdout]   = note: `#[warn(unused_imports)]` on by default
[INFO] [stdout] 
[INFO] [stdout] 
[INFO] [stdout] warning: trait objects without an explicit `dyn` are deprecated
[INFO] [stdout]   --> src/utility/shape.rs:35:32
[INFO] [stdout]    |
[INFO] [stdout] 35 |     fn distance(&self, other: &Sphere) -> f64 {
[INFO] [stdout]    |                                ^^^^^^ help: use `dyn`: `dyn Sphere`
[INFO] [stdout]    |
[INFO] [stdout]    = note: `#[warn(bare_trait_objects)]` on by default
[INFO] [stdout] 
[INFO] [stdout] 
[INFO] [stdout] warning: trait objects without an explicit `dyn` are deprecated
[INFO] [stdout]   --> src/utility/shape.rs:39:34
[INFO] [stdout]    |
[INFO] [stdout] 39 |     fn intersects(&self, other: &Sphere) -> bool {
[INFO] [stdout]    |                                  ^^^^^^ help: use `dyn`: `dyn Sphere`
[INFO] [stdout] 
[INFO] [stdout] 
[INFO] [stdout] warning: unused import: `std::thread`
[INFO] [stdout]  --> src/universe/celestial_object/mod.rs:1:5
[INFO] [stdout]   |
[INFO] [stdout] 1 | use std::thread;
[INFO] [stdout]   |     ^^^^^^^^^^^
[INFO] [stdout]   |
[INFO] [stdout]   = note: `#[warn(unused_imports)]` on by default
[INFO] [stdout] 
[INFO] [stdout] 
[INFO] [stdout] warning: trait objects without an explicit `dyn` are deprecated
[INFO] [stdout]   --> src/utility/shape.rs:35:32
[INFO] [stdout]    |
[INFO] [stdout] 35 |     fn distance(&self, other: &Sphere) -> f64 {
[INFO] [stdout]    |                                ^^^^^^ help: use `dyn`: `dyn Sphere`
[INFO] [stdout]    |
[INFO] [stdout]    = note: `#[warn(bare_trait_objects)]` on by default
[INFO] [stdout] 
[INFO] [stdout] 
[INFO] [stdout] warning: trait objects without an explicit `dyn` are deprecated
[INFO] [stdout]   --> src/utility/shape.rs:39:34
[INFO] [stdout]    |
[INFO] [stdout] 39 |     fn intersects(&self, other: &Sphere) -> bool {
[INFO] [stdout]    |                                  ^^^^^^ help: use `dyn`: `dyn Sphere`
[INFO] [stdout] 
[INFO] [stdout] 
[INFO] [stdout] error[E0502]: cannot borrow `star` as mutable because it is also borrowed as immutable
[INFO] [stdout]   --> src/universe/celestial_object/mod.rs:90:13
[INFO] [stdout]    |
[INFO] [stdout] 90 |             star.add_planet(Planet::new(&star));       
[INFO] [stdout]    |             ^^^^^^^^^^^^^^^^------------------^
[INFO] [stdout]    |             |               |           |
[INFO] [stdout]    |             |               |           immutable borrow occurs here
[INFO] [stdout]    |             |               argument requires that `star` is borrowed for `'static`
[INFO] [stdout]    |             mutable borrow occurs here
[INFO] [stdout] 
[INFO] [stdout] 
[INFO] [stdout] error[E0597]: `star` does not live long enough
[INFO] [stdout]   --> src/universe/celestial_object/mod.rs:90:41
[INFO] [stdout]    |
[INFO] [stdout] 90 |             star.add_planet(Planet::new(&star));       
[INFO] [stdout]    |                             ------------^^^^^-
[INFO] [stdout]    |                             |           |
[INFO] [stdout]    |                             |           borrowed value does not live long enough
[INFO] [stdout]    |                             argument requires that `star` is borrowed for `'static`
[INFO] [stdout] ...
[INFO] [stdout] 93 |     }
[INFO] [stdout]    |     - `star` dropped here while still borrowed
[INFO] [stdout] 
[INFO] [stdout] 
[INFO] [stdout] error[E0505]: cannot move out of `star` because it is borrowed
[INFO] [stdout]   --> src/universe/celestial_object/mod.rs:92:9
[INFO] [stdout]    |
[INFO] [stdout] 90 |             star.add_planet(Planet::new(&star));       
[INFO] [stdout]    |                             ------------------
[INFO] [stdout]    |                             |           |
[INFO] [stdout]    |                             |           borrow of `star` occurs here
[INFO] [stdout]    |                             argument requires that `star` is borrowed for `'static`
[INFO] [stdout] 91 |         }
[INFO] [stdout] 92 |         star
[INFO] [stdout]    |         ^^^^ move out of `star` occurs here
[INFO] [stdout] 
[INFO] [stdout] 
[INFO] [stdout] error: aborting due to 3 previous errors; 3 warnings emitted
[INFO] [stdout] 
[INFO] [stdout] 
[INFO] [stdout] Some errors have detailed explanations: E0502, E0505, E0597.
[INFO] [stdout] 
[INFO] [stdout] For more information about an error, try `rustc --explain E0502`.
[INFO] [stdout] 
[INFO] [stdout] error[E0502]: cannot borrow `star` as mutable because it is also borrowed as immutable
[INFO] [stdout]   --> src/universe/celestial_object/mod.rs:90:13
[INFO] [stdout]    |
[INFO] [stdout] 90 |             star.add_planet(Planet::new(&star));       
[INFO] [stdout]    |             ^^^^^^^^^^^^^^^^------------------^
[INFO] [stdout]    |             |               |           |
[INFO] [stdout]    |             |               |           immutable borrow occurs here
[INFO] [stdout]    |             |               argument requires that `star` is borrowed for `'static`
[INFO] [stdout]    |             mutable borrow occurs here
[INFO] [stdout] 
[INFO] [stdout] 
[INFO] [stdout] error[E0597]: `star` does not live long enough
[INFO] [stdout]   --> src/universe/celestial_object/mod.rs:90:41
[INFO] [stdout]    |
[INFO] [stdout] 90 |             star.add_planet(Planet::new(&star));       
[INFO] [stdout]    |                             ------------^^^^^-
[INFO] [stdout]    |                             |           |
[INFO] [stdout]    |                             |           borrowed value does not live long enough
[INFO] [stdout]    |                             argument requires that `star` is borrowed for `'static`
[INFO] [stdout] ...
[INFO] [stdout] 93 |     }
[INFO] [stdout]    |     - `star` dropped here while still borrowed
[INFO] [stdout] 
[INFO] [stdout] 
[INFO] [stdout] error[E0505]: cannot move out of `star` because it is borrowed
[INFO] [stdout]   --> src/universe/celestial_object/mod.rs:92:9
[INFO] [stdout]    |
[INFO] [stdout] 90 |             star.add_planet(Planet::new(&star));       
[INFO] [stdout]    |                             ------------------
[INFO] [stdout]    |                             |           |
[INFO] [stdout]    |                             |           borrow of `star` occurs here
[INFO] [stdout]    |                             argument requires that `star` is borrowed for `'static`
[INFO] [stdout] 91 |         }
[INFO] [stdout] 92 |         star
[INFO] [stdout]    |         ^^^^ move out of `star` occurs here
[INFO] [stdout] 
[INFO] [stdout] 
[INFO] [stderr] error: could not compile `intergalactic-empire`.
[INFO] [stderr] 
[INFO] [stderr] To learn more, run the command again with --verbose.
[INFO] [stderr] warning: build failed, waiting for other jobs to finish...
[INFO] [stdout] error: aborting due to 3 previous errors; 3 warnings emitted
[INFO] [stdout] 
[INFO] [stdout] 
[INFO] [stdout] Some errors have detailed explanations: E0502, E0505, E0597.
[INFO] [stdout] 
[INFO] [stdout] For more information about an error, try `rustc --explain E0502`.
[INFO] [stdout] 
[INFO] [stderr] error: build failed
[INFO] running `Command { std: "docker" "inspect" "9921a653f7ec79259b9941d44913200155f58117f7332e79cef1359d04110df4", kill_on_drop: false }`
[INFO] running `Command { std: "docker" "rm" "-f" "9921a653f7ec79259b9941d44913200155f58117f7332e79cef1359d04110df4", kill_on_drop: false }`
[INFO] [stdout] 9921a653f7ec79259b9941d44913200155f58117f7332e79cef1359d04110df4
